
3, 5, 13
Let w be 2/(-4) - (-147)/6. Suppose 6*o - w = 3*o. What are the prime factors of o?
2
Let v(j) = -j**2 + 8*j - 3. Let b be v(7). Suppose 0 = -b*y + 35 + 9. List the prime factors of y.
11
Let m be 168/(-9)*15/(-2). Suppose 4*x = -4*y + m, 0*y = -3*y - x + 99. List the prime factors of y.
2
Let d = -63 - -195. List the prime factors of d.
2, 3, 11
Let n(y) = 0*y + 3*y**2 - 2*y + 5*y**2. Let v be n(2). Suppose -4*a + 37 = k + 1, 4*a - k = v. List the prime factors of a.
2
Suppose 0 = 6*u - 3*u. Let i be u*1/6*3. What are the prime factors of 0 + 1 + i + 9?
2, 5
Let r = 533 - 312. What are the prime factors of r?
13, 17
Suppose z - 3*z = 5*h + 1, -4 = -4*h. Let k = z - -9. What are the prime factors of k?
2, 3
Let q(u) = u**3 - 12*u**2 + 15*u - 15. What are the prime factors of q(11)?
29
Let u(f) = f**2 - 7*f - 9. Let w be u(8). Let t = w - 1. List the prime factors of (t - 7/(-3))*12.
2
List the prime factors of -1*(5 - 1) + 66 + 1.
3, 7
Suppose f + 4*f - 30 = 0. Suppose -21 = 3*m - f*m. List the prime factors of m.
7
Let z(h) = h - 2. Suppose -3 - 1 = r. Let g be z(r). Let q = 13 + g. List the prime factors of q.
7
Let o(j) = 5*j**2 + j. Let q be o(1). List the prime factors of 12 - 5/((-10)/q).
3, 5
Let r(n) = 9*n**3 + n**2 - 2*n + 1. Let z(g) = -g**2 - 7*g - 5. Let w be z(-5). Suppose 3*a - 7 = -l - 3, 4*l = -w*a + 9. What are the prime factors of r(a)?
3
Suppose 17 = k - 406. List the prime factors of k.
3, 47
Suppose -6*d = -2*d - 16. Suppose 5*i + 2 = r + 2*i, d*r - 48 = 2*i. What are the prime factors of 3 + r + (0 - 0)?
17
Suppose 0 = -w + 9 - 5. Suppose w*t = -27 + 91. What are the prime factors of t?
2
Suppose -l - 11 = -2*q, 0*l - 4*l = -12. Let f = q + 19. Suppose -4*u + 2*s + 26 = s, -5*u - 2*s + f = 0. What are the prime factors of u?
2, 3
Let x = -40 + 17. Let t = 4 - x. List the prime factors of t.
3
Let o(j) be the third derivative of -j**4/24 + 5*j**3/6 + 2*j**2. Let z(t) = t**2 - 4*t - 1. Let b be z(3). List the prime factors of o(b).
3
Let r(b) = b**2 - 14*b + 15. Let d(u) = -2*u**2 + 15*u - 14. Let y(a) = -2*d(a) - 3*r(a). List the prime factors of y(-14).
11
Let x = 8 + -4. Suppose 0 = y + 2*y. Suppose x*z - z - 60 = y. What are the prime factors of z?
2, 5
Let y = 61 - 27. List the prime factors of y.
2, 17
Suppose 0 = 5*s, 4*b + 3*s + 37 - 9 = 0. Let j = b - -13. What are the prime factors of j?
2, 3
Suppose 15 = u - 4*u. Let j = 19 + u. List the prime factors of j.
2, 7
Let c = 287 + -196. List the prime factors of c.
7, 13
Let u be ((-180)/(-8))/((-1)/(-2)). Let t = u - 26. List the prime factors of t.
19
Let w = 432 + -230. What are the prime factors of w?
2, 101
Let n = 51 - -27. Suppose s = 3*t - 2*t - 22, 0 = -4*t - s + n. List the prime factors of t.
2, 5
Let s be (-1)/((-6)/5 + 1). Let w(v) = v**3 - 5*v**2 + v. Let c be w(5). Suppose -6*h + 2*i = -3*h - 16, -s*h + c*i = -35. What are the prime factors of h?
2
Suppose -2*u + 4*b - 12 = -0*b, -3*b = 4*u - 20. Let w be 27/12 - u/8. Suppose 2*q - 11 = 3*x, w*x = -2*q - 2*x + 18. What are the prime factors of q?
7
Let s(r) be the first derivative of r**4/4 - 3*r**3 - 5*r**2 + 13*r - 3. Suppose -4*l + 6*l = 20. What are the prime factors of s(l)?
13
Suppose 3*h + 4*g - 160 = 1, -3*g = -5*h + 307. What are the prime factors of h?
59
Let w be (-144)/10 - 10/(-25). Let l = -7 - w. Suppose l*o - 55 = 2*o. What are the prime factors of o?
11
Let q(r) = -2*r + 21. List the prime factors of q(9).
3
Let r be 4/2 + (-2)/1. Suppose r*b + 32 = 4*b. What are the prime factors of b?
2
Let s be -1 - 1 - (25 - 2). Let p(m) = -14*m**2 - 2*m + 1. Let w be p(1). Let d = w - s. List the prime factors of d.
2, 5
Suppose 3*v + 4*d = 10, 2 = 2*v + 3*d - 5. Let x(n) = 2 - n**3 - 6*n + 2*n**3 + n - n**2 - 4*n**v. List the prime factors of x(6).
2
Let s be ((-175)/(-20))/(3/12). Let b = -17 + s. What are the prime factors of b?
2, 3
Let s(r) = 6*r**2 + 2*r - 6. List the prime factors of s(4).
2, 7
Let q(n) = n**3 + 9*n**2 - 9*n + 10. Let i = -3 + -7. Let r be q(i). List the prime factors of 11 + r*1/2.
11
Let d(h) = -h**2 + 26*h + 29. What are the prime factors of d(19)?
2, 3
Let g be (-18)/(-30) + 2/5. What are the prime factors of (g/2)/(5/30)?
3
Let f be ((-14)/(-10) - 1)*150. Let a = 110 - f. What are the prime factors of a?
2, 5
Let l(y) = 5*y - 3. Let z = -2 - -6. What are the prime factors of l(z)?
17
Suppose -615 - 465 = -8*s. List the prime factors of s.
3, 5
Let x = 705 + -459. List the prime factors of x.
2, 3, 41
Suppose -9*p + 271 = -323. What are the prime factors of p?
2, 3, 11
Let k(s) be the second derivative of 2*s**3/3 - 8*s. Let t = 3 + 2. What are the prime factors of k(t)?
2, 5
Suppose -4*v - 2 = -10. Let n = 29 + v. Suppose r = -4*t - 11 + 41, 5*t = 2*r + n. What are the prime factors of t?
7
List the prime factors of 798/54 - 2/(-9).
3, 5
Let y(g) = -g**2 + 6*g + 11. What are the prime factors of y(6)?
11
Let i(m) = -m**2 + 4*m - 1. Let g be i(3). Suppose 3*f = g*f + 2. Suppose 33 = -f*h + 5*h. What are the prime factors of h?
11
Let d(q) = -q**2 - 9*q - 2. Suppose -4*u = -5*u - 8. What are the prime factors of d(u)?
2, 3
Let d = -3 + 5. Suppose 4*i - 28 = d*b, 2*i = -b - 4*b - 10. Suppose -1 = i*u - 26. List the prime factors of u.
5
Let r = 149 + -77. Let m = r - 48. Suppose -s - s = -m. List the prime factors of s.
2, 3
Let j(g) = -17*g - g + 4*g - 1 - 9*g. List the prime factors of j(-1).
2, 11
Let p(x) = -x**2 - 8*x - 15. Let k be p(-10). What are the prime factors of (18/5)/((-7)/k)?
2, 3
Let p = 45 - 11. List the prime factors of p.
2, 17
Suppose 5 + 19 = 3*o. Let c(p) = 2*p**2 + 4*p + 2. Let g be c(-2). Let b = o - g. What are the prime factors of b?
2, 3
Suppose -3*q - 4*c = -55, -q + 73 = 2*q - 5*c. Let g = q + -13. List the prime factors of g.
2
Let n = 9 + -6. Suppose -3*f + 4*l + 6 = -77, -2*f = -n*l - 57. Let t = 30 - f. What are the prime factors of t?
3
Suppose 2*x - 5*r = -6*r - 5, 3*x - 4*r = 20. Let w be (x + 3/6)*-22. Let o = 1 - w. List the prime factors of o.
2, 3
Suppose -2 = -5*w + 48. Suppose -5*z - w = -6*z. What are the prime factors of z?
2, 5
Suppose -3*n = -n + 52. Let d(s) = -s**3 + 3*s**2 + 4*s - 7. Let c be d(5). Let i = n - c. List the prime factors of i.
11
Suppose -10 = -2*o + 2. What are the prime factors of (-5 - 9)*(-21)/o?
7
Let x = -1 + 2. Let t be 1/((-3)/(-12*x)). Suppose -7*n = -t*n - 69. List the prime factors of n.
23
Suppose -4*u + 4 = 0, 3*u = -5*d + 3 + 5. Let g be 9/(-6)*2 + 8. Suppose -2*f + d = -g. What are the prime factors of f?
3
Let q be (9 - (1 - 0)) + 1. Let s be 7/(-3) - (-3)/q. List the prime factors of (6 + 0)*(s - -3).
2, 3
What are the prime factors of (-1)/(-2) - (21627/6)/(-9)?
401
Let p = -2 - -35. What are the prime factors of p?
3, 11
Let a(u) = u. Let z(i) = 6*i - 5. Let h(l) = -3*l + 2. Let o(v) = -5*h(v) - 2*z(v). Let p(m) = 9*a(m) - 4*o(m). What are the prime factors of p(-4)?
2, 3
Let a = 1 + 3. Suppose -4*r + 5*d + 11 = 0, 0 = -0*r + a*r + d + 7. Let q = r + 4. List the prime factors of q.
3
Let k = -6 - -1. Let w = 46 - k. List the prime factors of w.
3, 17
Let v = -12 + 34. List the prime factors of v.
2, 11
Let k = -18 - -117. What are the prime factors of k?
3, 11
Let r be ((-6)/9)/((-1)/18). Let m be 4/r + (-22)/(-6). Suppose -m*d - 9 = -21. List the prime factors of d.
3
Let i(t) = -t**2 + 7*t + 10. Suppose -4*z + 22 = 4*r + 2, 0 = -r + z + 9. List the prime factors of i(r).
2, 5
Let w = -169 + 327. What are the prime factors of w?
2, 79
Let o(v) = -v**2 + 3*v + 7. Let i be o(5). List the prime factors of 2 + ((-9)/1)/i.
5
Suppose 4*q - 76 = -t, -2*t = q + 2*q - 62. Let a = q - 5. What are the prime factors of a?
13
Let i(v) = -v + 13. What are the prime factors of i(-7)?
2, 5
Suppose 3*v = 5*v - 12. What are the prime factors of -8*2/(-12)*v?
2
Suppose -x = x + 2. Let k = -48 - -55. Let i = k - x. What are the prime factors of i?
2
Suppose 5*d + 5*j = 40, -5*j - 12 = 8. List the prime factors of d.
2, 3
Let m = -130 + 207. Let p = m + -55. List the prime factors of p.
2, 11
Suppose 12*j - 661 = 1187. What are the prime factors of j?
2, 7, 11
Suppose 7*o + 7*o = 5040. What are the prime factors of o?
2, 3, 5
Let o(h) = -1 + 1 - 6 + 0*h - 3*h. List the prime factors of o(-7).
3,